Is (j - 10/8)*-148 a prime number?
False
Let f be (18/15)/((-12)/(-40)). Suppose 0 = f*n + 5*v - 5657 - 4287, 0 = -v. Let h = -1741 + n. Is h prime?
False
Let j(q) = 313*q**2 + 39*q + 9. Is j(-4) a prime number?
True
Let f(a) = a**2 - 1. Let w(n) be the third derivative of n**5/4 - 7*n**4/24 - 5*n**3/2 + 9*n**2. Let d(r) = -4*f(r) + w(r). Is d(-5) composite?
True
Let u(r) = -r**2 + 7. Let h(d) = -d**2 + 8. Let o(k) = 3*h(k) - 4*u(k). Let s be o(-6). Is (s/40)/(2/55) a prime number?
False
Is (-2)/(-6) - 1168016/(-111) a composite number?
True
Let z be (6154/(-8))/(13/(-156)). Let j = z - 5264. Is j composite?
False
Let m be 2 + -1 + (1610 - -16). Suppose -4*o + s + m = 0, o - 367 - 45 = -5*s. Is o a composite number?
True
Let m be -3 + -2 - (-10)/(-1). Is 2919 - (3/2)/(m/20) composite?
True
Is 1/(6/12 - 617/1238) composite?
False
Suppose -5127 = -8*n + 769. Is n a prime number?
False
Let v be -2 + 4 - (2 - 4). Suppose -o = -3*l + 3, v*o + 4*l = 5*l - 1. Suppose o = 2*k - 7*k + 1735. Is k a prime number?
True
Let u(p) = p + p**2 + 94 + 5*p**2 - 87. Let k(j) = j**3 - 4*j**2 - 3*j + 6. Let s be k(4). Is u(s) prime?
False
Let l(t) = -t**2 + 4*t - 1. Suppose -4*d = 2*g + d - 16, 3*g + 2*d - 13 = 0. Let w be l(g). Suppose -w*x + 5 - 31 = -2*h, 3*h = x + 35. Is h prime?
True
Let b(m) = -7*m**3 + 20*m**2 + 6*m - 1. Is b(-10) prime?
False
Let l = 11 + -7. Suppose 4 = -2*h - l*b, 3*h - 2*b + 3 = -7*b. Suppose 239 = 4*k - 3*m, h*k + 66 = 2*m + 304. Is k prime?
True
Let s(r) = 10*r**3 + 5*r**2 + 8. Let o(a) = -9*a**3 - 6*a**2 + a - 9. Let n(j) = -4*o(j) - 5*s(j). Let b be n(-4). Is (b/4)/(-1 + 2) composite?
False
Let t = -32 + 445. Is t composite?
True
Let w = 61 - 53. Suppose w*t + 951 = 7519. Is t a composite number?
False
Suppose 136 - 127 = 3*s. Let o be (1/1)/((-1)/(-4)). Suppose s*y - 4*a - 348 = -a, -3*a = o*y - 457. Is y a prime number?
False
Suppose -5*g + f = -10512, -4*g - 4*f - 2053 + 10453 = 0. Is g a prime number?
False
Let n(h) = 164*h**2 - 4*h + 4. Let w be n(2). Let b = w - 365. Is b a prime number?
False
Let c be 8/6 - (-4)/6. Suppose 0*m + 24957 = 4*m - y, c*m + 4*y - 12456 = 0. Is m/4 - 18/(-12) a composite number?
True
Suppose -2*s = s - 3*d - 6, -5*s + d + 30 = 0. Is 20007/21 - (-2)/s a composite number?
False
Suppose 3*g + 20 = 4*g. Suppose o - 3 = -4*c - g, -32 = -4*o + 4*c. Is (-247 + (o - 2))/(-2) a prime number?
False
Let x = 42064 - -19789. Is x a prime number?
False
Suppose 1077 = 4*i - i. Suppose -177 = -l + 2*g, 2*l + i = 4*l - 3*g. Is l a prime number?
False
Suppose 0*a - 5 = -a. Suppose -a*b = -0*b - 4255. Is b a composite number?
True
Suppose -9*q + 9555 = -4*q. Let o = 3294 - q. Is o a composite number?
True
Let i(n) = n + 3. Let r be i(-3). Suppose -2*k - 2*k - 5*u + 15 = r, 0 = 4*u - 12. Suppose k*s = 3*s - 1011. Is s composite?
False
Let o = -31 + 55. Let v be 3 + o + (-9 - -6). Is ((-16)/v)/((-4)/402) composite?
False
Let h = -18 + 18. Suppose h = 4*r + 6*r - 5570. Is r a prime number?
True
Let m be 28/3 + 8/12. Let t be 54/m + (-6)/15. Is (938/(-4))/(t/(-10)) composite?
True
Is 32/80*5*3561/2 a composite number?
True
Let w(r) = 3*r**2 - 12*r + 2. Suppose 3*d - 4*d - 28 = 0. Let k = d + 19. Is w(k) a prime number?
True
Suppose 0 = -2*m + 650 - 1772. Let r be (-2)/(-4) + m/22. Let o = -6 - r. Is o a composite number?
False
Let y be (5/(-2))/((12/8)/(-3)). Suppose y*k - 13717 = -2*b, 7*b = 3*k + 2*b - 8224. Is k a prime number?
False
Let j = 322 - 25. Let g = j - -652. Is g prime?
False
Suppose -4*p = 12, 4*p - 5136 = -5*v + 2567. Is v a composite number?
False
Is (46/8)/((-57)/(-40812)) a composite number?
True
Let j = 3738 - 747. Is j prime?
False
Suppose 3*y = -25*y + 55636. Is y a composite number?
False
Let l be (-3 + 6)/(9/6). Suppose 0 = l*u - 3*u + 301. Is u a prime number?
False
Let z be (-22 - 1)*(-3*72)/(-2). Let g = -1298 - z. Is g composite?
True
Let s = -12763 - -21622. Is s a composite number?
True
Is (2426/(-6))/(8 - 1210/150) a composite number?
True
Let x(i) = 37*i**2 + 2*i + 2. Let d be ((-7)/2)/((-4)/8). Let n be x(d). Suppose -n - 47 = -4*r. Is r prime?
False
Suppose -o + 70 + 237 = 0. Let b = -96 - -24. Let h = o + b. Is h composite?
True
Let a = -85 + 53. Let m = a + 1131. Is m prime?
False
Let k(n) be the first derivative of 409*n**2/2 - 22. Is k(1) composite?
False
Let n = 0 + 2. Suppose 2*u = -n*u + 568. Suppose 493 = 5*f - u. Is f composite?
False
Suppose -m - 1129 = -a + 1283, 5*a - 3*m - 12062 = 0. Is a prime?
False
Suppose 0 = -36*j - 18010 + 83494. Is j composite?
True
Let l(t) = -t**3 + 12*t**2 + 24*t + 20. Let k be l(-14). Let f = k - 1883. Is f a prime number?
True
Let l(m) = -m - 13*m**2 + 16 + 9*m**2 + 9*m**2. Is l(-6) a composite number?
True
Let q(o) = -4*o**2 - 10*o - 4. Let s(h) = -h**2 - h - 1. Let i(j) = q(j) - 5*s(j). Is i(14) composite?
False
Let g(r) be the second derivative of -29*r**3/2 - 2*r**2 - 6*r. Let j be g(-5). Suppose -n = -j + 12. Is n a composite number?
False
Let c = 7997 - 1876. Is c composite?
False
Let y(w) = 8*w**2 - 23*w - 19. Suppose 3*m - 36 = 4*r, 2*r - 8 = 4*r - 4*m. Is y(r) a composite number?
False
Let l = -5910 - -11467. Is l prime?
True
Suppose -f + 2*k - 3820 = -2*k, 2*f - 2*k = -7634. Let x = f - -6942. Is (x/(-24))/(2/(-8)) a prime number?
True
Let f(o) = -2*o - 6. Let z be f(-4). Suppose z*n - 1040 - 1514 = 0. Is n composite?
False
Suppose -c + 2*j + 33313 = 9904, 46822 = 2*c - 2*j. Is c composite?
True
Let p = -4388 + 20967. Is p a prime number?
False
Suppose -1 + 16 = 5*h. Is ((-2)/h)/((-4)/20946) composite?
False
Let n(c) = c**2 - 6*c + 2. Let v be ((-12)/(-10))/(7/35). Let m be n(v). Let b(o) = o**3 + 2*o**2 - 3*o + 1. Is b(m) composite?
False
Suppose -3*i + 5*i = 0. Suppose i = -3*q + 5*q + 5*k, 2*q - 3*k = 16. Suppose q*n = n + r + 1010, 4*n + 4*r = 1020. Is n a composite number?
True
Suppose 4 - 1036 = 6*y. Is (y/6)/(20/(-690)) composite?
True
Let j = -106 + 127. Suppose -29*i = -j*i - 1496. Is i a prime number?
False
Suppose -3*a + 4*a + 5 = 0, -4*z - 4*a = -129008. Is z composite?
False
Suppose -3*z + 5 = -5*b - 3, -b - 24 = 5*z. Let h be (34/b)/(6/96). Let s = -54 - h. Is s composite?
True
Suppose -2*y - 5 = -y, 0 = -3*d - 4*y - 629. Is (d/3)/(4/(-12)) a prime number?
False
Let l = 985 - -2056. Is l composite?
False
Is (19 + -18)/((-1)/(-62039)) prime?
True
Let r = 56 - 55. Is -1*139*(0 - r) prime?
True
Suppose -10*t - 412 = -9302. Is t a prime number?
False
Let p = 10 - -3. Let c = p + -11. Suppose -529 = -3*z - c*v + 3*v, 0 = -5*z - 5*v + 915. Is z prime?
False
Let k(n) = -112*n + 10. Let d(h) = -112*h + 9. Let f(b) = 7*d(b) - 6*k(b). Let p be f(-12). Suppose -5*y + p = 3*u, -5*y = u - 4*u + 1347. Is u a prime number?
True
Let c(x) = 8*x**2 - 9 - 5*x**2 - 2*x**2. Is c(14) composite?
True
Suppose 0 = 142*v - 129*v - 102869. Is v prime?
False
Let v = 94104 - 52333. Is v a composite number?
False
Suppose -33 = 5*l - 188. Let n = l + -6. Is n prime?
False
Let f(r) = -11*r**3 + 28*r - 5. Is f(-8) a composite number?
True
Let b(v) = -27*v + 49. Let n = -58 - -48. Is b(n) composite?
True
Is ((-2)/4)/(2/(-52)) a prime number?
True
Let p(h) = -1356*h + 107. Is p(-18) a prime number?
False
Suppose -8 = 6*g - 2*g, -4*g + 2674 = 2*b. Suppose -4*q + b + 10639 = 0. Is q composite?
True
Let c(r) = -3*r - 20. Let b be c(-8). Let q = 10 - b. Suppose -q*v + 1448 + 7438 = 0. Is v a prime number?
True
Let a(s) = 327*s + 235. Is a(4) composite?
False
Suppose 0 = -13*v - 3061 + 39279. Is v - (-4 - -1) - 2 a composite number?
True
Suppose 0*k = 6*k + 54. Is k/(45/(-10)) - -627 composite?
True
Suppose 0 = 5*s + 7 - 32. Suppose 5*k + s = 6*k. Suppose -3*q - 955 = -k*p, 5*p - 5*q = -0*q + 955. Is p a composite number?
False
Let u(r) = 5*r + 18. Let w(i) = -i. Let g(b) = u(b) + 4*w(b). Let o be g(-11). Suppose -5 = -4*d + o. Is d a prime number?
True
Let d = 3793 - 2394. Is d prime?
True
Let p be (-1)/((-4)/(-8)) - -41. Let f = 290 - p. Is f composite?
False
Let l(m) be the third derivative of m**5/30 - m**3/6 + 9*m**2. Let y be l(-1). Is y/2 + (-5572)/(-8) a prime number?
False
Let r(b) = 58*b**3 + 0 - b + 0 + b**2 + 16*b**3. Suppose -4 = -g - 3*g. Is r(g) a prime number?
False
Suppose -9 + 4 = -5*r, 2*t = r + 1147. Suppose 5*g - t = -2*u + 2005, 5103 = 4